 (6/2 - -6) + 1. Suppose -8*z + u = -13*z. What is the remainder when 66 is divided by (13 - 12)/((-1)/46*z)?
20
Let t(f) = -81 + 6 - 26*f + 15 - 19. Calculate the remainder when t(-7) is divided by 52.
51
Let g(i) = i**3 + 14*i**2 - 13*i + 30. Let v be g(-15). Suppose -2*j + 16 = 9*k - 8*k, v = -2*j - 10. What is the remainder when k is divided by 7?
5
What is the remainder when 176 + 3 + ((-880)/1210)/((-2)/(-11)) is divided by ((-178)/(-8))/((-1)/(-4))?
86
Calculate the remainder when (32/(-5) + 7)/(9/39855) is divided by 11.
6
Calculate the remainder when 390/(-2730) + (-23934)/(-56) + 2/(-8) is divided by 73.
62
Let m(h) = -h**3 - 33*h**2 + h + 66. What is the remainder when 2 + ((-57)/4)/(1/(-4)) is divided by m(-33)?
26
Let o = -25178 - -25194. Calculate the remainder when 79 is divided by o.
15
Let s = 2861 - 2792. What is the remainder when 270 is divided by s?
63
Let i(o) = 0 - 2 + o + 0*o - 2 + 58*o**2 - 31*o**2. What is the remainder when i(-3) is divided by 57?
8
Let k be ((-11)/((-275)/(-40)))/(8/(-1420)). Let h = 360 - k. What is the remainder when h is divided by 20?
16
Suppose 322 = 4*i - 2*p - 174, -370 = -3*i + 2*p. Calculate the remainder when 534 is divided by i.
30
Let i(j) = j**2 - 18. Suppose 4*d + 275 = 15*d. Calculate the remainder when d is divided by i(-5).
4
Let a(t) = 6*t**3 + 11*t + 9. What is the remainder when a(4) is divided by 137?
26
Let l(k) = 5*k + 100. Let z be 832/(-60) - -5*(-6)/225. Calculate the remainder when 148 is divided by l(z).
28
Suppose 536 = 12*r - 64. Let b = 11 + r. Calculate the remainder when 180 is divided by b.
58
Let m = -4696 - -4705. Suppose 104 = -3*c + 7*c. Let o = -17 + c. What is the remainder when m is divided by o?
0
Suppose -409*p + 183*p + 185*p = -417011. What is the remainder when p is divided by 3387?
10
Let b be (-3)/(-2)*(2 + 32 - 0). Let a = b + -31. Suppose 2*r - a = 8. Calculate the remainder when 26 is divided by r.
12
Let g(a) = 3*a**2 + 13*a + 21. Let s be 39 + (-1 + 2)*-4. Suppose s = 2*x - 47. Calculate the remainder when g(-7) is divided by x.
36
Let g = 8964 + -8722. What is the remainder when 979 is divided by g?
11
Suppose -38 = -0*y - y - t, -5*y = -t - 184. Suppose 0 = -238*r + 233*r - 35. What is the remainder when 157 + (-3 - 4) + r is divided by y?
32
What is the remainder when (1 - (-1554)/(-10))/(128/(-1280)) is divided by 17?
14
Suppose 21886 = 138*o - 55355 + 22179. What is the remainder when o is divided by 143?
113
Suppose 3*n = 2*n. Calculate the remainder when (-36)/(-4) + n + 1 + 1 is divided by (2 + 6/(-4))*6.
2
Suppose 353*s - 4509 - 117699 = -183*s. Calculate the remainder when s is divided by ((-13)/(-3))/((-2)/(-36)).
72
Let r(n) = -5*n + 29. Let k be r(4). Let j = 30 - k. Calculate the remainder when 27 is divided by j.
6
Suppose 2*t - 5*d + 10 - 17 = 0, 2*t - 4*d - 6 = 0. What is the remainder when -2 - t - -1 - (-2662)/11 is divided by 22?
20
Suppose -5*f + 295 = -5*v, 3*v - 260 = 7*v + 4*f. Let a = -60 - v. Suppose -a*t = t - 282. Calculate the remainder when t is divided by 12.
10
Suppose -5*z + 2 = -4*k, z = 5*z + k + 11. Let t(p) = p**2 - 2*p. What is the remainder when t(z) is divided by (3/(-15))/(37/(-1110))?
2
Let h = -3875 - -4052. Calculate the remainder when h is divided by 46.
39
Calculate the remainder when 1931 is divided by 5 + 2/((-19 - -16)*2/(-99)).
31
Suppose -29*a + 42*a = -26. Let f(c) = 3 + 1 + 3*c + 3 + c**2 - 10*c**3. Calculate the remainder when f(a) is divided by 22.
19
Suppose -b + z = -6*b + 61, -3*b + 34 = -2*z. Suppose 5*s = -20, -m + 55 - b = 3*s. What is the remainder when m is divided by 33?
22
Let u = 79 + 116. Suppose 3*j - 195 = -0*j - 4*d, 3*j + 5*d = u. Calculate the remainder when 258 is divided by j.
63
Let n = 11 + -9. Suppose -s = -5 + n. Suppose -r + 12 = s*r. Calculate the remainder when r is divided by 2.
1
Suppose -2*o + 22 + 54 = 0. Let b(n) = 8 + 25*n**2 - 16*n**2 - 10*n**2 + 4*n. Calculate the remainder when o is divided by b(0).
6
Suppose -5*v - 4*f + 105 = 0, 0 = 6*f - f. Suppose 176 = v*x - 118. What is the remainder when 125 is divided by x?
13
Let p be -6 + (0 - (-56)/8). What is the remainder when 30 is divided by (p - 5)*((-91)/(-14) - 8)?
0
Let u(a) = -a**3 - 17*a**2 - 16*a - 1. Let h be u(-16). Calculate the remainder when h/3*(-3408)/16 is divided by 18.
17
Suppose 2*c = 5*c - 387. Suppose -9*s - 195 + 303 = 0. What is the remainder when c is divided by s?
9
Suppose -4*f + 1089 = -5*r, 2*r - 12 = -2*r. Let i = f + -140. What is the remainder when i is divided by 23?
21
Suppose -s = -24 - 147. What is the remainder when s is divided by 14?
3
Suppose 5*x - 117 = 148. Suppose -45*c - 48 = -x*c. Let t(h) = h**2 - 6*h + 13. Calculate the remainder when t(9) is divided by c.
4
Suppose -n + 3*l = -24, 103*n = 106*n + 7*l - 24. Calculate the remainder when 763 + (0 - 2/(-2)) is divided by n.
14
What is the remainder when (21 - 2282)*106/(-14) is divided by 8?
7
Suppose 0 = 15*k - 826 - 6344. Calculate the remainder when k is divided by 69.
64
Suppose 0 = 2*k + k - 72. Suppose 249*m - 247*m = -14. Let b(q) = -q**3 + 32*q + 48. What is the remainder when b(m) is divided by k?
23
Suppose 0 = 5*i - h + 126, -4*i + 15*h = 17*h + 98. Suppose -p = -3*p + 90. Calculate the remainder when p is divided by i - -30 - (3 + -14).
13
Suppose 5*z - 41 = -3*v + 17, 112 = 4*v - 2*z. Suppose -3*c - 2*i + 371 = -3*i, -4*c + 484 = 4*i. Calculate the remainder when c is divided by v.
19
Let g = -77 + 82. Let h(b) = b + 17. Suppose 0 = 4*c - 2*t - 3*t, -4*t = c + 21. Calculate the remainder when h(c) is divided by g.
2
Suppose h + 5*u = -3*h + 827, -2*u = -6. What is the remainder when h is divided by 14/4*(-1340)/(-67)?
63
Calculate the remainder when 24 is divided by ((-12)/(-5))/((18/40)/3).
8
Suppose -6 = 4*y - 14. Suppose 4*h = 3*h - y*h. Suppose h = 4*g + 3*g - 231. What is the remainder when g is divided by 9?
6
Suppose -143 + 101 = -j. Suppose 40*q = j*q - 746. What is the remainder when q is divided by 75?
73
Suppose c - 4*x = 26, 2*x - 81 = 2*c - 115. Calculate the remainder when 138 is divided by c.
12
Suppose -38*g - 66*g + 18225 = -277863. What is the remainder when g is divided by 25?
22
Let v = 172 + 91. Suppose 3*y - 364 = v. Suppose -5*l = 64 - y. Calculate the remainder when 84 is divided by l.
26
Suppose -1246*c + 1003*c + 11664 = 0. Let t = 423 + -117. Suppose -q = -28 - t. What is the remainder when q is divided by c?
46
Let a(n) = 516*n - 3523. Calculate the remainder when 432 is divided by a(7).
76
Suppose -8745*m + 8741*m + 220 = s, 3*s = 3*m + 840. Suppose 0 = 5*d + 25, 0 = -2*w - d + 38 + 35. What is the remainder when s is divided by w?
34
Let r(s) = s**3 - s**2 - 7*s + 6. Let f(u) = 22*u**2 + 30*u - 48. Calculate the remainder when r(4) is divided by f(1).
2
Let f = 79 + 1. Suppose 0 = -6*l + 14*l - 96. Calculate the remainder when f is divided by ((-56)/l)/((-1)/6).
24
Suppose -1 = -d + 44. Suppose -3*f + t = -105, -f + d - 10 = 2*t. Let y = -138 - -240. What is the remainder when y is divided by f?
32
Suppose -4*i = -4*s - 364, -9 = 2*s - 5. Suppose p + 4*p + 4*l - 173 = 0, 5*l = 3*p - i. Calculate the remainder when 225 is divided by p.
27
Let f(q) = 7*q**2 + 10*q + 12. Let o be f(-2). What is the remainder when 6138/30 + o/50 is divided by 23?
21
Calculate the remainder when 259 is divided by (-5290)/(-161) + (-2)/(-14).
28
Suppose -2*j = -3*r + 3 - 2, 4*j - 5*r = 1. What is the remainder when (j + -19)/5 - -46 is divided by 23?
20
Suppose -36*d + 4*d = -4 + 4. Let n = -49 + 197. Suppose 2*h - 7*h + 4*a + 189 = d, -4*h + 4*a + n = 0. What is the remainder when 204 is divided by h?
40
Let j(i) = 0*i**3 + 4 - 5 + 9*i**3. Suppose -2*d - 6 = 4*k, -k + 2*k + 3 = d. Calculate the remainder when 20 is divided by j(d).
4
Suppose c = -5*k + 119, 177*k - 173*k = -5*c + 70. Calculate the remainder when (-63)/(2 - 2 - 1) is divided by k.
13
Suppose 7*y = 95 + 52. Suppose -5*j = -92 - 78. Suppose -i + y = -j. What is the remainder when i is divided by 12?
7
Let n = -252 - -558. Let q = -116 + 127. Calculate the remainder when n is divided by q.
9
Let t(m) = -431*m + 7449. Calculate the remainder when 1418 is divided by t(17).
76
Let s(h) = -h + 11. Suppose 11*r - 7*r + 12 = 0, 6 = -4*z 